{"version":"1.0","provider_name":"Cathy Zimmermann","provider_url":"https:\/\/cathyzimmermann.com\/en","author_name":"Cathy Zimmerman","author_url":"https:\/\/cathyzimmermann.com\/en\/author\/cathy\/","title":"15 Jahre KARASEK-WIETRZYK Rechtsanw\u00e4lte - Cathy Zimmermann","type":"rich","width":600,"height":338,"html":"<blockquote class=\"wp-embedded-content\" data-secret=\"lQZ51OvjFe\"><a href=\"https:\/\/cathyzimmermann.com\/en\/2019\/09\/20\/moderation-15-jahre-karasek-wietrzyk-rechtsanwaelte\/\">15 Jahre KARASEK-WIETRZYK Rechtsanw\u00e4lte<\/a><\/blockquote><iframe sandbox=\"allow-scripts\" security=\"restricted\" src=\"https:\/\/cathyzimmermann.com\/en\/2019\/09\/20\/moderation-15-jahre-karasek-wietrzyk-rechtsanwaelte\/embed\/#?secret=lQZ51OvjFe\" width=\"600\" height=\"338\" title=\"&#8220;15 Jahre KARASEK-WIETRZYK Rechtsanw\u00e4lte&#8221; &#8212; Cathy Zimmermann\" data-secret=\"lQZ51OvjFe\" frameborder=\"0\" marginwidth=\"0\" marginheight=\"0\" scrolling=\"no\" class=\"wp-embedded-content\"><\/iframe><script>\n\/*! This file is auto-generated *\/\n!function(d,l){\"use strict\";l.querySelector&&d.addEventListener&&\"undefined\"!=typeof URL&&(d.wp=d.wp||{},d.wp.receiveEmbedMessage||(d.wp.receiveEmbedMessage=function(e){var t=e.data;if((t||t.secret||t.message||t.value)&&!\/[^a-zA-Z0-9]\/.test(t.secret)){for(var s,r,n,a=l.querySelectorAll('iframe[data-secret=\"'+t.secret+'\"]'),o=l.querySelectorAll('blockquote[data-secret=\"'+t.secret+'\"]'),c=new RegExp(\"^https?:$\",\"i\"),i=0;i<o.length;i++)o[i].style.display=\"none\";for(i=0;i<a.length;i++)s=a[i],e.source===s.contentWindow&&(s.removeAttribute(\"style\"),\"height\"===t.message?(1e3<(r=parseInt(t.value,10))?r=1e3:~~r<200&&(r=200),s.height=r):\"link\"===t.message&&(r=new URL(s.getAttribute(\"src\")),n=new URL(t.value),c.test(n.protocol))&&n.host===r.host&&l.activeElement===s&&(d.top.location.href=t.value))}},d.addEventListener(\"message\",d.wp.receiveEmbedMessage,!1),l.addEventListener(\"DOMContentLoaded\",function(){for(var e,t,s=l.querySelectorAll(\"iframe.wp-embedded-content\"),r=0;r<s.length;r++)(t=(e=s[r]).getAttribute(\"data-secret\"))||(t=Math.random().toString(36).substring(2,12),e.src+=\"#?secret=\"+t,e.setAttribute(\"data-secret\",t)),e.contentWindow.postMessage({message:\"ready\",secret:t},\"*\")},!1)))}(window,document);\n\/\/# sourceURL=https:\/\/cathyzimmermann.com\/wp-includes\/js\/wp-embed.min.js\n<\/script>","thumbnail_url":"https:\/\/cathyzimmermann.com\/wp-content\/uploads\/2019\/09\/KWR-1.png","thumbnail_width":894,"thumbnail_height":705,"description":"&nbsp; Im Wiener Palais Wertheim feierten 400 G\u00e4ste aus Wirtschaft, Kultur und Politik das 15 Jahre Jubil\u00e4um von KWR. Gr\u00fcndungspartner Dr. Thomas FRAD und j\u00fcngste Partnerin Dr. Anna MERTINZ gaben spannende Einblicke in die Entstehungsgeschichte der Kanzlei, Buchautor &amp; Historiker Dr. Philipp BLOM referierte \u00fcber die Bedeutung des Klimawandels und der Digitalisierung, Herausgeber &amp; Vorsitzender &hellip;  Read More &raquo;"}

15 Jahre KARASEK-WIETRZYK Rechtsanwälte - Cathy Zimmermann

<blockquote class="wp-embedded-content" data-secret="lQZ51OvjFe"><a href="https://cathyzimmermann.com/en/2019/09/20/moderation-15-jahre-karasek-wietrzyk-rechtsanwaelte/">15 Jahre KARASEK-WIETRZYK Rechtsanwälte</a></blockquote><iframe sandbox="allow-scripts" security="restricted" src="https://cathyzimmermann.com/en/2019/09/20/moderation-15-jahre-karasek-wietrzyk-rechtsanwaelte/embed/#?secret=lQZ51OvjFe" width="600" height="338" title="&#8220;15 Jahre KARASEK-WIETRZYK Rechtsanwälte&#8221; &#8212; Cathy Zimmermann" data-secret="lQZ51OvjFe" frameborder="0" marginwidth="0" marginheight="0" scrolling="no" class="wp-embedded-content"></iframe><script>
/*! This file is auto-generated */
!function(d,l){"use strict";l.querySelector&&d.addEventListener&&"undefined"!=typeof URL&&(d.wp=d.wp||{},d.wp.receiveEmbedMessage||(d.wp.receiveEmbedMessage=function(e){var t=e.data;if((t||t.secret||t.message||t.value)&&!/[^a-zA-Z0-9]/.test(t.secret)){for(var s,r,n,a=l.querySelectorAll('iframe[data-secret="'+t.secret+'"]'),o=l.querySelectorAll('blockquote[data-secret="'+t.secret+'"]'),c=new RegExp("^https?:$","i"),i=0;i<o.length;i++)o[i].style.display="none";for(i=0;i<a.length;i++)s=a[i],e.source===s.contentWindow&&(s.removeAttribute("style"),"height"===t.message?(1e3<(r=parseInt(t.value,10))?r=1e3:~~r<200&&(r=200),s.height=r):"link"===t.message&&(r=new URL(s.getAttribute("src")),n=new URL(t.value),c.test(n.protocol))&&n.host===r.host&&l.activeElement===s&&(d.top.location.href=t.value))}},d.addEventListener("message",d.wp.receiveEmbedMessage,!1),l.addEventListener("DOMContentLoaded",function(){for(var e,t,s=l.querySelectorAll("iframe.wp-embedded-content"),r=0;r<s.length;r++)(t=(e=s[r]).getAttribute("data-secret"))||(t=Math.random().toString(36).substring(2,12),e.src+="#?secret="+t,e.setAttribute("data-secret",t)),e.contentWindow.postMessage({message:"ready",secret:t},"*")},!1)))}(window,document);
//# sourceURL=https://cathyzimmermann.com/wp-includes/js/wp-embed.min.js
</script>

&nbsp; Im Wiener Palais Wertheim feierten 400 Gäste aus Wirtschaft, Kultur und Politik das 15 Jahre Jubiläum von KWR. Gründungspartner Dr. Thomas FRAD und jüngste Partnerin Dr. Anna MERTINZ gaben spannende Einblicke in die Entstehungsgeschichte der Kanzlei, Buchautor &amp; Historiker Dr. Philipp BLOM referierte über die Bedeutung des Klimawandels und der Digitalisierung, Herausgeber &amp; Vorsitzender &hellip;  Read More &raquo;
